{"id":2097,"date":"2022-03-24T10:45:59","date_gmt":"2022-03-24T10:45:59","guid":{"rendered":"https:\/\/dsvamb.sonus.cz\/?page_id=2097"},"modified":"2025-09-18T11:15:06","modified_gmt":"2025-09-18T09:15:06","slug":"pro-zajemce","status":"publish","type":"page","link":"https:\/\/www.dsvamb.cz\/?page_id=2097","title":{"rendered":"Pro z\u00e1jemce"},"content":{"rendered":"\t\t<div data-elementor-type=\"wp-page\" data-elementor-id=\"2097\" class=\"elementor elementor-2097\" data-elementor-settings=\"[]\">\n\t\t\t\t\t\t\t<div class=\"elementor-section-wrap\">\n\t\t\t\t\t\t\t<section class=\"elementor-section elementor-top-section elementor-element elementor-element-2f0eff1 elementor-section-boxed elementor-section-height-default elementor-section-height-default\" data-id=\"2f0eff1\" data-element_type=\"section\" data-settings=\"{&quot;background_background&quot;:&quot;classic&quot;}\">\n\t\t\t\t\t\t<div class=\"elementor-container elementor-column-gap-default\">\n\t\t\t\t\t<div class=\"elementor-column elementor-col-100 elementor-top-column elementor-element elementor-element-d3015bc\" data-id=\"d3015bc\" data-element_type=\"column\">\n\t\t\t<div class=\"elementor-widget-wrap elementor-element-populated\">\n\t\t\t\t\t\t\t\t<div class=\"elementor-element elementor-element-d765841 elementor-widget elementor-widget-heading\" data-id=\"d765841\" data-element_type=\"widget\" data-widget_type=\"heading.default\">\n\t\t\t\t<div class=\"elementor-widget-container\">\n\t\t\t<style>\/*! elementor - v3.5.6 - 28-02-2022 *\/\n.elementor-heading-title{padding:0;margin:0;line-height:1}.elementor-widget-heading .elementor-heading-title[class*=elementor-size-]>a{color:inherit;font-size:inherit;line-height:inherit}.elementor-widget-heading .elementor-heading-title.elementor-size-small{font-size:15px}.elementor-widget-heading .elementor-heading-title.elementor-size-medium{font-size:19px}.elementor-widget-heading .elementor-heading-title.elementor-size-large{font-size:29px}.elementor-widget-heading .elementor-heading-title.elementor-size-xl{font-size:39px}.elementor-widget-heading .elementor-heading-title.elementor-size-xxl{font-size:59px}<\/style><h1 class=\"elementor-heading-title elementor-size-default elementor-heading-title elementor-size-default\">Pro z\u00e1jemce<\/h1>\t\t<\/div>\n\t\t\t\t<\/div>\n\t\t\t\t\t<\/div>\n\t\t<\/div>\n\t\t\t\t\t\t\t<\/div>\n\t\t<\/section>\n\t\t\t\t<section class=\"elementor-section elementor-top-section elementor-element elementor-element-2d014e4 elementor-section-height-min-height elementor-section-boxed elementor-section-height-default elementor-section-items-middle\" data-id=\"2d014e4\" data-element_type=\"section\" data-settings=\"{&quot;background_background&quot;:&quot;classic&quot;}\">\n\t\t\t\t\t\t<div class=\"elementor-container elementor-column-gap-default\">\n\t\t\t\t\t<div class=\"elementor-column elementor-col-100 elementor-top-column elementor-element elementor-element-857ba2f\" data-id=\"857ba2f\" data-element_type=\"column\">\n\t\t\t<div class=\"elementor-widget-wrap elementor-element-populated\">\n\t\t\t\t\t\t\t\t<div class=\"elementor-element elementor-element-eafbe8a elementor-widget elementor-widget-wp-widget-bcn_widget\" data-id=\"eafbe8a\" data-element_type=\"widget\" data-widget_type=\"wp-widget-bcn_widget.default\">\n\t\t\t\t<div class=\"elementor-widget-container\">\n\t\t\t<div class=\"breadcrumbs\" itemscope itemtype=\"https:\/\/schema.org\/BreadcrumbList\"><!-- Breadcrumb NavXT 7.4.1 -->\n<span property=\"itemListElement\" typeof=\"ListItem\"><a property=\"item\" typeof=\"WebPage\" title=\"P\u0159ej\u00edt na dsvamb.cz.\" href=\"https:\/\/www.dsvamb.cz\" class=\"home\" aria-current=\"page\"><span property=\"name\">dsvamb.cz<\/span><\/a><meta property=\"position\" content=\"1\"><\/span><\/div>\t\t<\/div>\n\t\t\t\t<\/div>\n\t\t\t\t\t<\/div>\n\t\t<\/div>\n\t\t\t\t\t\t\t<\/div>\n\t\t<\/section>\n\t\t\t\t<section class=\"elementor-section elementor-top-section elementor-element elementor-element-867cee5 elementor-section-boxed elementor-section-height-default elementor-section-height-default\" data-id=\"867cee5\" data-element_type=\"section\" data-settings=\"{&quot;background_background&quot;:&quot;classic&quot;}\">\n\t\t\t\t\t\t<div class=\"elementor-container elementor-column-gap-default\">\n\t\t\t\t\t<div class=\"elementor-column elementor-col-100 elementor-top-column elementor-element elementor-element-e2a89dc\" data-id=\"e2a89dc\" data-element_type=\"column\">\n\t\t\t<div class=\"elementor-widget-wrap elementor-element-populated\">\n\t\t\t\t\t\t\t\t<div class=\"elementor-element elementor-element-b683f03 elementor-widget elementor-widget-heading\" data-id=\"b683f03\" data-element_type=\"widget\" data-widget_type=\"heading.default\">\n\t\t\t\t<div class=\"elementor-widget-container\">\n\t\t\t<h3 class=\"elementor-heading-title elementor-size-small elementor-heading-title elementor-size-small\">D\u016fm poskytuje obyvatel\u016fm a klient\u016fm soci\u00e1ln\u00ed slu\u017eby, kter\u00e9 lze rozd\u011blit na t\u0159i z\u00e1kladn\u00ed okruhy.<\/h3>\t\t<\/div>\n\t\t\t\t<\/div>\n\t\t\t\t<div class=\"elementor-element elementor-element-ac4f028 elementor-widget elementor-widget-text-editor\" data-id=\"ac4f028\" data-element_type=\"widget\" data-widget_type=\"text-editor.default\">\n\t\t\t\t<div class=\"elementor-widget-container\">\n\t\t\t<style>\/*! elementor - v3.5.6 - 28-02-2022 *\/\n.elementor-widget-text-editor.elementor-drop-cap-view-stacked .elementor-drop-cap{background-color:#818a91;color:#fff}.elementor-widget-text-editor.elementor-drop-cap-view-framed .elementor-drop-cap{color:#818a91;border:3px solid;background-color:transparent}.elementor-widget-text-editor:not(.elementor-drop-cap-view-default) .elementor-drop-cap{margin-top:8px}.elementor-widget-text-editor:not(.elementor-drop-cap-view-default) .elementor-drop-cap-letter{width:1em;height:1em}.elementor-widget-text-editor .elementor-drop-cap{float:left;text-align:center;line-height:1;font-size:50px}.elementor-widget-text-editor .elementor-drop-cap-letter{display:inline-block}<\/style>\t\t\t\t<span style=\"font-size: 23\npx;\">Ubytov\u00e1n\u00ed<\/span>\t\t\t\t\t\t<\/div>\n\t\t\t\t<\/div>\n\t\t\t\t<div class=\"elementor-element elementor-element-1264435 elementor-widget elementor-widget-text-editor\" data-id=\"1264435\" data-element_type=\"widget\" data-widget_type=\"text-editor.default\">\n\t\t\t\t<div class=\"elementor-widget-container\">\n\t\t\t\t\t\t\t<p>Ubytov\u00e1n\u00ed je poskytov\u00e1no v jedno, dvou, t\u0159\u00ed a v\u00edce l\u016f\u017ekov\u00fdch pokoj\u00edch a p\u0159esn\u00e1 specifikace je uvedena ve Smlouv\u011b. Sou\u010d\u00e1st\u00ed ubytov\u00e1n\u00ed je i p\u00e9\u010de o osobn\u00ed pr\u00e1dlo a oble\u010den\u00ed, kter\u00e9 je z tohoto d\u016fvodu ozna\u010deno osobn\u00edm \u010d\u00edslem. D\u00e1le \u00faklid, teplo, tepl\u00e1 u\u017eitkov\u00e1 voda. Domov pro seniory: kapacita 84 l\u016f\u017eek<\/p>\t\t\t\t\t\t<\/div>\n\t\t\t\t<\/div>\n\t\t\t\t<div class=\"elementor-element elementor-element-a749de7 elementor-widget elementor-widget-text-editor\" data-id=\"a749de7\" data-element_type=\"widget\" data-widget_type=\"text-editor.default\">\n\t\t\t\t<div class=\"elementor-widget-container\">\n\t\t\t\t\t\t\t<p><span style=\"font-size: 23 px;\">Stravov\u00e1n\u00ed<\/span><\/p>\t\t\t\t\t\t<\/div>\n\t\t\t\t<\/div>\n\t\t\t\t<div class=\"elementor-element elementor-element-141371c elementor-widget elementor-widget-text-editor\" data-id=\"141371c\" data-element_type=\"widget\" data-widget_type=\"text-editor.default\">\n\t\t\t\t<div class=\"elementor-widget-container\">\n\t\t\t\t\t\t\t<p style=\"color: #4f4f4f; font-size: 18px;\">Poskytovatel zaji\u0161\u0165uje Obyvateli celodenn\u00ed stravu, kter\u00e1 se skl\u00e1d\u00e1 ze sn\u00eddan\u011b, dopoledn\u00ed sva\u010diny, ob\u011bda, odpoledn\u00ed sva\u010diny a ve\u010de\u0159e, p\u0159\u00edp. druh\u00e9 ve\u010de\u0159e, kter\u00e9 jsou zve\u0159ej\u0148ov\u00e1ny p\u0159edem na t\u00fddenn\u00edm j\u00eddeln\u00edm l\u00edstku schv\u00e1len\u00e9m stravovac\u00ed komis\u00ed, l\u00e9ka\u0159em a vrchn\u00ed sestrou. Poskytovatel d\u00e1le zaji\u0161\u0165uje stravov\u00e1n\u00ed podle individu\u00e1ln\u00edho dietn\u00edho re\u017eimu Obyvatele. Jedn\u00e1 se o dietu \u010d. 2,3,4,9, i v kombinaci mlet\u00e1, mixovan\u00e1.\u00a0<\/p>\t\t\t\t\t\t<\/div>\n\t\t\t\t<\/div>\n\t\t\t\t<div class=\"elementor-element elementor-element-dba7ab6 elementor-widget elementor-widget-text-editor\" data-id=\"dba7ab6\" data-element_type=\"widget\" data-widget_type=\"text-editor.default\">\n\t\t\t\t<div class=\"elementor-widget-container\">\n\t\t\t\t\t\t\t<p><span style=\"font-size: 23 px;\">\u00dakony p\u00e9\u010de<\/span><\/p>\t\t\t\t\t\t<\/div>\n\t\t\t\t<\/div>\n\t\t\t\t<div class=\"elementor-element elementor-element-f3b76d7 elementor-widget elementor-widget-text-editor\" data-id=\"f3b76d7\" data-element_type=\"widget\" data-widget_type=\"text-editor.default\">\n\t\t\t\t<div class=\"elementor-widget-container\">\n\t\t\t\t\t\t\t<p style=\"color: #4f4f4f; font-size: 18px;\">Poskytovatel je povinen poskytnout Obyvateli z\u00e1kladn\u00ed slu\u017eby a dal\u0161\u00ed slu\u017eby v souladu se Smlouvou. V p\u0159\u00edpad\u011b, \u017ee Obyvatel je p\u0159\u00edjemcem p\u0159\u00edsp\u011bvku na p\u00e9\u010di zajist\u00ed Poskytovatel pravidelnou pomoc v rozsahu dle stanoven\u00e9ho stupn\u011b z\u00e1vislosti, viz \u00a7 9 z\u00e1kona \u010d. 108.\/2006 Sb. P\u0159\u00edsp\u011bvek na p\u00e9\u010di je Obyvatel povinen poskytnout Poskytovateli, a to formou souhlasu se zas\u00edl\u00e1n\u00edm na \u010d\u00edslo \u00fa\u010dtu Domu.<\/p>\t\t\t\t\t\t<\/div>\n\t\t\t\t<\/div>\n\t\t\t\t<div class=\"elementor-element elementor-element-d0f6370 elementor-widget elementor-widget-heading\" data-id=\"d0f6370\" data-element_type=\"widget\" data-widget_type=\"heading.default\">\n\t\t\t\t<div class=\"elementor-widget-container\">\n\t\t\t<h3 class=\"elementor-heading-title elementor-size-small elementor-heading-title elementor-size-small\"><p>Sou\u010d\u00e1st\u00ed poskytovan\u00fdch slu\u017eeb je i zdravotnick\u00e1 p\u00e9\u010de<span style=\"float: none\"><\/span><\/p><\/h3>\t\t<\/div>\n\t\t\t\t<\/div>\n\t\t\t\t<div class=\"elementor-element elementor-element-41527a9 elementor-widget elementor-widget-text-editor\" data-id=\"41527a9\" data-element_type=\"widget\" data-widget_type=\"text-editor.default\">\n\t\t\t\t<div class=\"elementor-widget-container\">\n\t\t\t\t\t\t\t<ul><li>Zdravotnickou p\u00e9\u010di poskytuje obyvatel\u016fm praktick\u00fd l\u00e9ka\u0159, kter\u00fd je v Dom\u011b dva dny v t\u00fddnu.\u00a0<\/li><li>V p\u0159\u00edpad\u011b pot\u0159eby i na telefonick\u00e9 zavol\u00e1n\u00ed.\u00a0<\/li><li>V akutn\u00edch p\u0159\u00edpadech zajist\u00ed zdravotn\u00ed sestra pohotovostn\u00ed l\u00e9ka\u0159skou slu\u017ebu.\u00a0<\/li><li>Poskytovatel zajist\u00ed nep\u0159etr\u017eitou dostupnost kvalifikovan\u00e9 zdravotn\u00ed sestry, kter\u00e1 m\u00e1 opr\u00e1vn\u011bn\u00ed pracovat bez dohledu l\u00e9ka\u0159e.<\/li><li>Poskytovatel zajist\u00ed Obyvateli n\u00e1kup ordinovan\u00fdch l\u00e9k\u016f na p\u0159edpis i ve voln\u00e9m prodeji oproti \u00fahrad\u011b.<\/li><li>Vy\u00fa\u010dtov\u00e1n\u00ed t\u011bchto plateb je prov\u00e1d\u011bno ve stanoven\u00e9m z\u00fa\u010dtovac\u00edm obdob\u00ed v souladu se Smlouvou.\u00a0<\/li><li>V p\u0159\u00edpad\u011b \u00famrt\u00ed Obyvatele, kter\u00fd nem\u00e1 poz\u016fstal\u00e9, D\u016fm zajist\u00ed vypraven\u00ed poh\u0159bu a d\u00e1le udr\u017euje hroby v d\u016fstojn\u00e9m stavu.\u00a0<\/li><li>N\u00e1klady budou uhrazeny z poz\u016fstalosti Obyvatele.<\/li><\/ul>\t\t\t\t\t\t<\/div>\n\t\t\t\t<\/div>\n\t\t\t\t\t<\/div>\n\t\t<\/div>\n\t\t\t\t\t\t\t<\/div>\n\t\t<\/section>\n\t\t\t\t\t\t<\/div>\n\t\t\t\t\t<\/div>\n\t\t","protected":false},"excerpt":{"rendered":"<p>Pro z\u00e1jemce D\u016fm poskytuje obyvatel\u016fm a klient\u016fm soci\u00e1ln\u00ed slu\u017eby, kter\u00e9 lze rozd\u011blit na t\u0159i z\u00e1kladn\u00ed okruhy. Ubytov\u00e1n\u00ed Ubytov\u00e1n\u00ed&#8230;<\/p>\n","protected":false},"author":1,"featured_media":0,"parent":0,"menu_order":0,"comment_status":"closed","ping_status":"closed","template":"elementor_header_footer","meta":{"ngg_post_thumbnail":0,"footnotes":""},"class_list":["post-2097","page","type-page","status-publish","hentry"],"_links":{"self":[{"href":"https:\/\/www.dsvamb.cz\/index.php?rest_route=\/wp\/v2\/pages\/2097","targetHints":{"allow":["GET"]}}],"collection":[{"href":"https:\/\/www.dsvamb.cz\/index.php?rest_route=\/wp\/v2\/pages"}],"about":[{"href":"https:\/\/www.dsvamb.cz\/index.php?rest_route=\/wp\/v2\/types\/page"}],"author":[{"embeddable":true,"href":"https:\/\/www.dsvamb.cz\/index.php?rest_route=\/wp\/v2\/users\/1"}],"replies":[{"embeddable":true,"href":"https:\/\/www.dsvamb.cz\/index.php?rest_route=%2Fwp%2Fv2%2Fcomments&post=2097"}],"version-history":[{"count":22,"href":"https:\/\/www.dsvamb.cz\/index.php?rest_route=\/wp\/v2\/pages\/2097\/revisions"}],"predecessor-version":[{"id":26749,"href":"https:\/\/www.dsvamb.cz\/index.php?rest_route=\/wp\/v2\/pages\/2097\/revisions\/26749"}],"wp:attachment":[{"href":"https:\/\/www.dsvamb.cz\/index.php?rest_route=%2Fwp%2Fv2%2Fmedia&parent=2097"}],"curies":[{"name":"wp","href":"https:\/\/api.w.org\/{rel}","templated":true}]}}